 222*p + 224*p + 200680, 2*p = -5*x + 250877. Is x a prime number?
False
Let o(r) = 68*r**3 - 2*r - 1. Let y be ((-6)/(-6))/((-1)/(-2)). Let w be o(y). Suppose w = 2*g + 5*g. Is g a composite number?
True
Suppose -473 = -2*q - 2*v - 1367, 5*v = -q - 443. Suppose 3*w = 4*b - 4668, -2*w - 240 - 927 = -b. Let u = q + b. Is u a prime number?
True
Suppose -3*z - 8268 + 81200 = 5*l, 2*l + 97260 = 4*z. Is z composite?
True
Is (-6 + 13 - -34017) + (5 - 2) a prime number?
False
Suppose 9*f - 52 = -25. Suppose 0 = -f*g - 5*w + 19424 + 15183, 2*w = -4. Is g a prime number?
False
Suppose 11*r + 58873 = 3*y + 7*r, 98118 = 5*y - 3*r. Suppose 6139 = -4*v + y. Is v prime?
True
Let d = -3184 + 6404. Suppose -5*z - 15 = -0*z, j + z - d = 0. Is j a prime number?
False
Let j be (45/25)/(-9) - 198/10. Let o(d) = d**3 + 18*d**2 - 40*d + 2. Let l be o(j). Suppose -4*p - 3*k = -1594, l*p = p + k + 395. Is p a composite number?
False
Let m = 111 + 706. Let b = m + 11982. Is b composite?
False
Let p(g) = -g**3 - g**2 + g - 1. Let f(d) = 17*d**3 + 9*d**2 - 7*d + 10. Let m(q) = -f(q) - 5*p(q). Let v = -1 + -3. Is m(v) a composite number?
False
Let r(n) = 10*n**2 - 32*n + 4. Let j be r(17). Let m = j + 10872. Suppose 0 = -4*i - 5*y - 3642 + m, i + 5*y - 2395 = 0. Is i a prime number?
False
Let b(c) = 456*c**2 + 41*c + 657. Is b(-14) prime?
True
Let f(x) = -966*x + 1. Suppose -6*a - 57 = -9*a. Suppose 3*m + a = -4*c, 3*m + 1 = -14. Is f(c) a prime number?
True
Let n = 1825 - 702. Let f(x) = 5*x**2 + 1118*x - n*x - 1 - x**2. Is f(-4) a prime number?
True
Is 1230/(-205) + (-106093)/(-1) composite?
False
Suppose -134*l + 3*o = -132*l - 41240, -4*l + 82414 = 5*o. Is l composite?
False
Let c = -127 + 129. Let n be ((-5)/(5/(-5924)))/c. Let z = n + -1827. Is z prime?
False
Let o(x) = 140*x + 39. Let r be ((-6)/2)/(3*-1). Let k be 2*2*(r/(-2) - -3). Is o(k) composite?
False
Let u = 1607284 - -357505. Is u prime?
True
Suppose -2*s = 4*r - 146704 + 46074, -2*r = -5*s - 50309. Is r composite?
True
Suppose 0 = -54*h + 15318523 - 5378581. Is h a prime number?
True
Let h be -4 - (-2)/(-2) - (-7 - -5). Is 3209 + h + -3 + 14 prime?
True
Suppose -4*b - 12 = -0*b. Let n be -2*b/10 - 33/5. Let i(d) = -8*d**3 + 2*d**2 + 10*d + 7. Is i(n) a composite number?
False
Let p(w) = 65478*w**2 - 48*w + 47. Is p(1) composite?
True
Let x(g) = 652*g - 1215. Is x(12) prime?
False
Let q = -99962 + 319393. Is q prime?
False
Suppose 2*s + 58308 = -4*d + 3*s, 0 = -4*s. Let x = 27188 + d. Is x prime?
True
Let p be (-9)/2*(2 + (-40)/12). Let q be (-7)/(14/(-2256)) - (-5 + p). Suppose -q = -4*k + 3525. Is k composite?
False
Is 60/(-8850)*-59 + (0 - (-43726)/10) prime?
True
Let c = -606 + 619. Suppose c*w = -2*v + 10*w + 4739, 3*v = -2*w + 7111. Is v composite?
False
Let t be -1240*((-390)/(-12) - 5). Let j = -24297 - t. Is j prime?
True
Suppose 62*u - 9297 - 366087 = 38*u. Is u composite?
False
Suppose 52*s - 67*s = -75. Suppose -2*t + 2*c - 825 + 8251 = 0, s*t = -2*c + 18537. Is t a composite number?
False
Let k be ((-852)/15)/(2/(-10)). Let o be (30/1)/10*-45. Let n = k + o. Is n a prime number?
True
Suppose 3 = s + 2. Let l be 11/4 - ((-1)/4)/s. Is l - 3 - (-450 + -1) a composite number?
True
Let p(j) be the third derivative of j**6/120 + j**5/60 + j**4/12 + 5*j**3/3 - 7*j**2. Let v be p(8). Suppose -3*t + 625 = -v. Is t a prime number?
True
Let v = 234792 - 118793. Is v prime?
False
Suppose -3*u = 2*w - 4, -2*u + 7*u = -2*w + 8. Suppose 5*h - 8382 = -u*o + 2521, -8728 = -4*h - 3*o. Is h prime?
True
Let r = 71 + 70. Suppose 4*k - 1496 = -5*q, -k - 3*q + 226 = -r. Is k a prime number?
True
Let z(i) = -75*i + 160. Let d be z(-39). Let y = d - 162. Is y a prime number?
False
Let z = -180049 + 275360. Is z composite?
False
Suppose 2*x = -m + 9909, -9354 = -2*m - 3*x + 10471. Is m a composite number?
False
Suppose 2*c - w + 47695 = 7*c, -5*w + 38135 = 4*c. Let i = -1043 + c. Is i prime?
False
Let u(d) = 5228*d**3 - 4*d + 3. Let h = 31 - 30. Is u(h) composite?
False
Suppose -4*y + 3*h = -215375, 2*y - 61*h + 65*h = 107726. Is y composite?
False
Suppose 9*d + 2*u = 4*d + 1, -3*u + 12 = -3*d. Suppose -3*v - 5667 = -z, 2*v - 1265 = 4*z - 5053. Is -4 - d - v/(0 + 2) prime?
True
Let b = -243668 + 632863. Is b a prime number?
False
Suppose 292*t + 1439 = 293*t. Let g = t + 1610. Is g prime?
True
Suppose -10*x + 12*x = -8936. Let q = 2044 + x. Let a = 3955 + q. Is a a prime number?
True
Let n be ((-32)/(-6))/((-1)/(-3)). Suppose -4*z = n + 4, 4*p = 5*z + 25. Suppose p = -13*w + 9*w + 580. Is w a prime number?
False
Let c(i) = -i + 3. Let s be c(-2). Let a(w) = w**2 - 8*w + 8. Let y be a(s). Let p(g) = -g + 2. Is p(y) composite?
True
Let c(l) = 3227*l - 23. Let n be c(6). Suppose -8*h + 253 = -n. Is h prime?
False
Let b(t) = -3*t**3 - 35*t**2 + t - 58. Is b(-25) composite?
False
Is 0 - -391846 - 32/(576/(-18)) prime?
True
Let p = -4 - -4. Suppose 4*u - 3*d = 2795, p*u = 5*u + d - 3508. Is u prime?
True
Let v be (3 - 4)/(1*2/(-22)). Suppose 4*s = v + 5. Suppose 6065 = -f + 6*f + s*p, 5*p + 2459 = 2*f. Is f a prime number?
True
Suppose -4 = 3*q - 1, 2*z - q + 233 = 0. Let g = 522 + z. Let n = g + -154. Is n a prime number?
True
Let g be (-24)/(-2) - (-36)/(27/3). Suppose g*x - 21919 = -7*x. Is x a composite number?
False
Let i = 123735 - 74002. Is i composite?
True
Let f(k) = -14*k**3 - 5*k**2 + 5*k + 7. Let c be 28/(1 + 3)*-1. Is f(c) a prime number?
False
Let d(h) = -h**3 + 12*h**2 - 2*h + 12. Let a be d(9). Let n be -8 - -3 - (-3 - a). Let l = n - 78. Is l a composite number?
False
Let h(z) = 15957*z + 2287. Is h(8) a composite number?
True
Let n(o) = -o**3 + 14*o**2 - 14*o + 16. Let q be n(13). Suppose -5*u = -4*s + 18 + 5, 0 = -q*s - 3*u - 3. Is ((-229)/s - 2)*-2 a composite number?
False
Let v(q) = -q**3 - 26*q**2 + 30*q + 87. Let x be v(-27). Let m(a) = 27*a**2 + 35. Let b be m(x). Let s = b + -118. Is s a prime number?
False
Suppose -2*z - 4 = 0, -i - 4852 = 3*z - 50446. Suppose -2*s = -13*n + 11*n + i, -3*n = 5*s - 68440. Is n a prime number?
False
Suppose -2*m + 4157 = n - 21768, -n = 5*m - 25922. Is n a prime number?
False
Let i(q) = 6279*q**2 - 11*q - 39. Let s be i(-3). Suppose 4*h - u - 25986 = 19205, 0 = -5*h - 2*u + s. Is h a prime number?
True
Let g(t) = -12147*t - 691. Is g(-6) composite?
True
Let k(u) be the first derivative of 2*u**4 - 14*u**3/3 + 10*u**2 - 7*u + 1. Is k(8) a prime number?
False
Suppose -3*a + 5*i + 158638 = 0, -2*a + 105744 = -7*i + 11*i. Suppose 2*b - 35254 = -4*m, -3*b + 15*m - 20*m = -a. Is b a prime number?
False
Is (6/15 - (-2)/(-30))*(59836 + -25) a prime number?
True
Let v(q) = q + 12. Let r(u) = 10*u + 8. Let z be r(-2). Let f be v(z). Suppose f = -3*d + 3*h + 7812, h + 10 = -h. Is d composite?
True
Let c(s) be the third derivative of -661*s**4/3 + 3*s**3/2 + 67*s**2. Is c(-1) a prime number?
True
Suppose -19 = -42*d + 107. Suppose -2*g - 6463 = -a, 0*g + 19404 = d*a - g. Is a a prime number?
True
Let c(a) = -11008*a - 627. Is c(-16) a prime number?
False
Suppose 12*h = 103258 + 599474. Is h a composite number?
True
Let s = 47256 + 1090613. Is s prime?
True
Let q(b) = -3*b**3 + b**2 - 19*b - 42. Let i be q(-18). Let s = 6325 + i. Is s prime?
False
Suppose 31913 = 6*w - 23773. Let a = w + -6426. Let i = a - 1966. Is i composite?
True
Let n(i) be the third derivative of -i**6/60 - i**5/12 - 5*i**4/12 + 37*i**3/6 - 62*i**2. Is n(-14) prime?
False
Suppose 48*d + 2*l - 4944358 = 42*d, 4120289 = 5*d + 3*l. Is d composite?
True
Let v(n) = 12835*n**2 + 15*n - 29. Is v(2) a composite number?
False
Let l(k) be the first derivative of -23*k**2 + 4*k + 52. Is l(-15) composite?
True
Let a(x) = 2*x**2 - x - 1. Let c(q) = -8*q**2 + q + 71. Let l(j) = 2*a(j) - c(j). Is l(-8) prime?
True
Let t(z) be the third derivative of 17*z**5/20 + z**4/8 - 7*z**3/6 + 50*z**2. Let p = 24 - 28. Is t(p) prime?
True
Let p be (-297)/(-15) + 16/(-20). Let t(x) = -x**3 + 28*x**2 + 17*x - 45. Is t(p) a prime number?
True
Suppose -93*y - 17814170 = -115*y. Is y prime?
False
Suppose -66 - 28 = 2*t. Let j = t - -47. Suppose -v + x + 297 = j, -313 = -v + 5*x - 0*x. Is v composite?
False
Suppose 3*x - 10*x + 4829671 = 0. Is x composite?
True
Suppose -2*w + 337239 + 584091 = 4*j, w - 460661 = -3*j. Is w prime?
True
